/home/almiftah/access-logs/almiftahuljannah.com
34.72.176.129 - - [26/Jan/2026:17:18:44 +0000] "GET /_autoindex/assets/css/autoindex.css HTTP/1.1" 200 1284 "http://almiftahuljannah.com/" "Mozilla/5.0 (X11; Linux x86_64) AppleWebKit/537.36 (KHTML, like Gecko) Chrome/125.0.0.0 Safari/537.36"
104.197.69.115 - - [26/Jan/2026:17:18:44 +0000] "GET /_autoindex/assets/js/tablesort.js HTTP/1.1" 200 2321 "http://almiftahuljannah.com/" "Mozilla/5.0 (X11; Linux x86_64) AppleWebKit/537.36 (KHTML, like Gecko) Chrome/125.0.0.0 Safari/537.36"
104.197.69.115 - - [26/Jan/2026:17:18:44 +0000] "GET /_autoindex/assets/js/tablesort.number.js HTTP/1.1" 200 362 "http://almiftahuljannah.com/" "Mozilla/5.0 (X11; Linux x86_64) AppleWebKit/537.36 (KHTML, like Gecko) Chrome/125.0.0.0 Safari/537.36"
34.123.170.104 - - [26/Jan/2026:17:18:44 +0000] "GET /_autoindex/assets/icons/file-text.svg HTTP/1.1" 200 457 "http://almiftahuljannah.com/" "Mozilla/5.0 (X11; Linux x86_64) AppleWebKit/537.36 (KHTML, like Gecko) Chrome/125.0.0.0 Safari/537.36"
104.197.69.115 - - [26/Jan/2026:17:19:20 +0000] "GET /%5fautoindex/assets/icons/file-text.svg HTTP/1.1" 200 457 "-" "Mozilla/5.0 (X11; Linux x86_64) AppleWebKit/537.36 (KHTML, like Gecko) Chrome/125.0.0.0 Safari/537.36"
34.122.147.229 - - [26/Jan/2026:17:19:21 +0000] "GET /%5fautoindex/assets/js/tablesort.number.js HTTP/1.1" 200 362 "-" "Mozilla/5.0 (X11; Linux x86_64) AppleWebKit/537.36 (KHTML, like Gecko) Chrome/125.0.0.0 Safari/537.36"
104.197.69.115 - - [26/Jan/2026:17:19:21 +0000] "GET / HTTP/1.1" 200 861 "-" "Mozilla/5.0 (X11; Linux x86_64) AppleWebKit/537.36 (KHTML, like Gecko) Chrome/125.0.0.0 Safari/537.36"
104.197.69.115 - - [26/Jan/2026:17:19:21 +0000] "GET /_autoindex/assets/css/autoindex.css HTTP/1.1" 200 1284 "http://almiftahuljannah.com/" "Mozilla/5.0 (X11; Linux x86_64) AppleWebKit/537.36 (KHTML, like Gecko) Chrome/125.0.0.0 Safari/537.36"
34.122.147.229 - - [26/Jan/2026:17:19:21 +0000] "GET /_autoindex/assets/js/tablesort.js HTTP/1.1" 200 2321 "http://almiftahuljannah.com/" "Mozilla/5.0 (X11; Linux x86_64) AppleWebKit/537.36 (KHTML, like Gecko) Chrome/125.0.0.0 Safari/537.36"
104.197.69.115 - - [26/Jan/2026:17:19:21 +0000] "GET /_autoindex/assets/js/tablesort.number.js HTTP/1.1" 200 362 "http://almiftahuljannah.com/" "Mozilla/5.0 (X11; Linux x86_64) AppleWebKit/537.36 (KHTML, like Gecko) Chrome/125.0.0.0 Safari/537.36"
104.197.69.115 - - [26/Jan/2026:17:19:21 +0000] "GET /_autoindex/assets/icons/folder-fill.svg HTTP/1.1" 200 406 "http://almiftahuljannah.com/" "Mozilla/5.0 (X11; Linux x86_64) AppleWebKit/537.36 (KHTML, like Gecko) Chrome/125.0.0.0 Safari/537.36"
104.197.69.115 - - [26/Jan/2026:17:19:21 +0000] "GET /_autoindex/assets/icons/file-text.svg HTTP/1.1" 200 457 "http://almiftahuljannah.com/" "Mozilla/5.0 (X11; Linux x86_64) AppleWebKit/537.36 (KHTML, like Gecko) Chrome/125.0.0.0 Safari/537.36"
205.169.39.219 - - [26/Jan/2026:17:19:23 +0000] "GET /_autoindex/assets/js/tablesort.number.js HTTP/1.1" 200 322 "-" "Mozilla/5.0 (Windows NT 6.1; Win64; x64) AppleWebKit/537.36 (KHTML, like Gecko) Chrome/83.0.4103.61 Safari/537.36"
205.169.39.65 - - [26/Jan/2026:17:19:23 +0000] "GET /_autoindex/assets/icons/file-text.svg HTTP/1.1" 200 394 "-" "Mozilla/5.0 (Windows NT 6.1; Win64; x64) AppleWebKit/537.36 (KHTML, like Gecko) Chrome/83.0.4103.61 Safari/537.36"
205.169.39.239 - - [26/Jan/2026:17:19:23 +0000] "GET / HTTP/1.1" 200 861 "-" "Mozilla/5.0 (Windows NT 10.0; Win64; x64) AppleWebKit/537.36 (KHTML, like Gecko) Chrome/79.0.3945.79 Safari/537.36"
205.169.39.239 - - [26/Jan/2026:17:19:23 +0000] "GET /_autoindex/assets/css/autoindex.css HTTP/1.1" 200 1284 "http://almiftahuljannah.com/" "Mozilla/5.0 (Windows NT 10.0; Win64; x64) AppleWebKit/537.36 (KHTML, like Gecko) Chrome/79.0.3945.79 Safari/537.36"
205.169.39.239 - - [26/Jan/2026:17:19:23 +0000] "GET /_autoindex/assets/js/tablesort.js HTTP/1.1" 200 2321 "http://almiftahuljannah.com/" "Mozilla/5.0 (Windows NT 10.0; Win64; x64) AppleWebKit/537.36 (KHTML, like Gecko) Chrome/79.0.3945.79 Safari/537.36"
34.123.170.104 - - [26/Jan/2026:17:18:44 +0000] "GET /_autoindex/assets/icons/folder-fill.svg HTTP/1.1" 200 406 "http://almiftahuljannah.com/" "Mozilla/5.0 (X11; Linux x86_64) AppleWebKit/537.36 (KHTML, like Gecko) Chrome/125.0.0.0 Safari/537.36"
205.169.39.239 - - [26/Jan/2026:17:19:18 +0000] "GET / HTTP/1.1" 200 707 "-" "Mozilla/5.0 (Windows NT 6.1; Win64; x64) AppleWebKit/537.36 (KHTML, like Gecko) Chrome/83.0.4103.61 Safari/537.36"
205.169.39.239 - - [26/Jan/2026:17:19:18 +0000] "GET /_autoindex/assets/js/tablesort.js HTTP/1.1" 200 2137 "http://almiftahuljannah.com/" "Mozilla/5.0 (Windows NT 6.1; Win64; x64) AppleWebKit/537.36 (KHTML, like Gecko) Chrome/83.0.4103.61 Safari/537.36"
205.169.39.239 - - [26/Jan/2026:17:19:18 +0000] "GET /_autoindex/assets/js/tablesort.number.js HTTP/1.1" 200 322 "http://almiftahuljannah.com/" "Mozilla/5.0 (Windows NT 6.1; Win64; x64) AppleWebKit/537.36 (KHTML, like Gecko) Chrome/83.0.4103.61 Safari/537.36"
34.123.170.104 - - [26/Jan/2026:17:19:20 +0000] "GET /%5fautoindex/assets/css/autoindex.css HTTP/1.1" 200 1284 "-" "Mozilla/5.0 (X11; Linux x86_64) AppleWebKit/537.36 (KHTML, like Gecko) Chrome/125.0.0.0 Safari/537.36"
34.123.170.104 - - [26/Jan/2026:17:19:20 +0000] "GET /%5fautoindex/assets/js/tablesort.js HTTP/1.1" 200 2321 "-" "Mozilla/5.0 (X11; Linux x86_64) AppleWebKit/537.36 (KHTML, like Gecko) Chrome/125.0.0.0 Safari/537.36"
104.197.69.115 - - [26/Jan/2026:17:19:21 +0000] "GET /%5fautoindex/assets/icons/folder-fill.svg HTTP/1.1" 200 406 "-" "Mozilla/5.0 (X11; Linux x86_64) AppleWebKit/537.36 (KHTML, like Gecko) Chrome/125.0.0.0 Safari/537.36"
205.169.39.191 - - [26/Jan/2026:17:19:22 +0000] "GET /_autoindex/assets/css/autoindex.css HTTP/1.1" 200 1170 "-" "Mozilla/5.0 (Windows NT 6.1; Win64; x64) AppleWebKit/537.36 (KHTML, like Gecko) Chrome/83.0.4103.61 Safari/537.36"
205.169.39.100 - - [26/Jan/2026:17:19:23 +0000] "GET / HTTP/1.1" 200 707 "-" "Mozilla/5.0 (Windows NT 6.1; Win64; x64) AppleWebKit/537.36 (KHTML, like Gecko) Chrome/83.0.4103.61 Safari/537.36"
205.169.39.239 - - [26/Jan/2026:17:19:23 +0000] "GET /_autoindex/assets/js/tablesort.number.js HTTP/1.1" 200 362 "http://almiftahuljannah.com/" "Mozilla/5.0 (Windows NT 10.0; Win64; x64) AppleWebKit/537.36 (KHTML, like Gecko) Chrome/79.0.3945.79 Safari/537.36"
205.169.39.100 - - [26/Jan/2026:17:19:27 +0000] "GET /_autoindex/assets/js/tablesort.js HTTP/1.1" 200 2137 "http://almiftahuljannah.com/" "Mozilla/5.0 (Windows NT 6.1; Win64; x64) AppleWebKit/537.36 (KHTML, like Gecko) Chrome/83.0.4103.61 Safari/537.36"
205.169.39.239 - - [26/Jan/2026:17:19:27 +0000] "GET /_autoindex/assets/icons/folder-fill.svg HTTP/1.1" 200 406 "http://almiftahuljannah.com/" "Mozilla/5.0 (Windows NT 10.0; Win64; x64) AppleWebKit/537.36 (KHTML, like Gecko) Chrome/79.0.3945.79 Safari/537.36"
205.169.39.239 - - [26/Jan/2026:17:19:27 +0000] "GET /_autoindex/assets/icons/file-text.svg HTTP/1.1" 200 457 "http://almiftahuljannah.com/" "Mozilla/5.0 (Windows NT 10.0; Win64; x64) AppleWebKit/537.36 (KHTML, like Gecko) Chrome/79.0.3945.79 Safari/537.36"
205.169.39.65 - - [26/Jan/2026:17:19:29 +0000] "GET /_autoindex/assets/icons/file-text.svg HTTP/1.1" 200 457 "-" "Mozilla/5.0 (Windows NT 10.0; Win64; x64) AppleWebKit/537.36 (KHTML, like Gecko) Chrome/79.0.3945.79 Safari/537.36"
205.169.39.126 - - [26/Jan/2026:17:19:30 +0000] "GET /_autoindex/assets/icons/folder-fill.svg HTTP/1.1" 200 333 "-" "Mozilla/5.0 (Windows NT 6.1; Win64; x64) AppleWebKit/537.36 (KHTML, like Gecko) Chrome/83.0.4103.61 Safari/537.36"
205.169.39.100 - - [26/Jan/2026:17:19:30 +0000] "GET /_autoindex/assets/js/tablesort.number.js HTTP/1.1" 200 322 "http://almiftahuljannah.com/" "Mozilla/5.0 (Windows NT 6.1; Win64; x64) AppleWebKit/537.36 (KHTML, like Gecko) Chrome/83.0.4103.61 Safari/537.36"
205.169.39.173 - - [26/Jan/2026:17:19:34 +0000] "GET /_autoindex/assets/js/tablesort.js HTTP/1.1" 200 2321 "-" "Mozilla/5.0 (Windows NT 10.0; Win64; x64) AppleWebKit/537.36 (KHTML, like Gecko) Chrome/79.0.3945.79 Safari/537.36"
34.72.176.129 - - [26/Jan/2026:17:18:40 +0000] "GET / HTTP/1.1" 200 861 "-" "Mozilla/5.0 (X11; Linux x86_64) AppleWebKit/537.36 (KHTML, like Gecko) Chrome/125.0.0.0 Safari/537.36"
205.169.39.100 - - [26/Jan/2026:17:19:34 +0000] "GET /_autoindex/assets/js/tablesort.js HTTP/1.1" 200 2321 "http://almiftahuljannah.com/" "Mozilla/5.0 (Windows NT 10.0; Win64; x64) AppleWebKit/537.36 (KHTML, like Gecko) Chrome/79.0.3945.79 Safari/537.36"
205.169.39.100 - - [26/Jan/2026:17:19:34 +0000] "GET /_autoindex/assets/js/tablesort.number.js HTTP/1.1" 200 362 "http://almiftahuljannah.com/" "Mozilla/5.0 (Windows NT 10.0; Win64; x64) AppleWebKit/537.36 (KHTML, like Gecko) Chrome/79.0.3945.79 Safari/537.36"
23.178.112.103 - - [26/Jan/2026:17:19:34 +0000] "GET /.well-known/acme-challenge/yYIFfxickaAzH-qlv8AXDUoaFDhawtfrrsQhNYxVhQA HTTP/1.1" 404 1251 "-" "Mozilla/5.0 (compatible; Let's Encrypt validation server; +https://www.letsencrypt.org)"
205.169.39.100 - - [26/Jan/2026:17:19:34 +0000] "GET /_autoindex/assets/icons/folder-fill.svg HTTP/1.1" 200 406 "http://almiftahuljannah.com/" "Mozilla/5.0 (Windows NT 10.0; Win64; x64) AppleWebKit/537.36 (KHTML, like Gecko) Chrome/79.0.3945.79 Safari/537.36"
205.169.39.100 - - [26/Jan/2026:17:19:34 +0000] "GET /_autoindex/assets/icons/file-text.svg HTTP/1.1" 200 457 "http://almiftahuljannah.com/" "Mozilla/5.0 (Windows NT 10.0; Win64; x64) AppleWebKit/537.36 (KHTML, like Gecko) Chrome/79.0.3945.79 Safari/537.36"
205.169.39.126 - - [26/Jan/2026:17:19:47 +0000] "GET /_autoindex/assets/icons/folder-fill.svg HTTP/1.1" 200 406 "-" "Mozilla/5.0 (Windows NT 10.0; Win64; x64) AppleWebKit/537.36 (KHTML, like Gecko) Chrome/79.0.3945.79 Safari/537.36"
176.65.148.161 - - [26/Jan/2026:17:20:01 +0000] "HEAD / HTTP/1.1" 200 0 "-" "Mozilla/5.0 (compatible; Let's Encrypt validation server; +https://www.letsencrypt.org)"
176.65.148.161 - - [26/Jan/2026:17:20:01 +0000] "GET / HTTP/1.1" 200 1968 "-" "Mozilla/5.0 (compatible; Let's Encrypt validation server; +https://www.letsencrypt.org)"
176.65.148.161 - - [26/Jan/2026:17:20:02 +0000] "HEAD /_next HTTP/1.1" 404 0 "-" "Mozilla/5.0 (compatible; Let's Encrypt validation server; +https://www.letsencrypt.org)"
176.65.148.161 - - [26/Jan/2026:17:21:06 +0000] "HEAD / HTTP/1.1" 200 0 "-" "Mozilla/5.0 (compatible; Let's Encrypt validation server; +https://www.letsencrypt.org)"
176.65.148.161 - - [26/Jan/2026:17:21:06 +0000] "HEAD / HTTP/1.1" 200 0 "-" "Mozilla/5.0 (compatible; Let's Encrypt validation server; +https://www.letsencrypt.org)"
176.65.148.161 - - [26/Jan/2026:17:21:06 +0000] "GET / HTTP/1.1" 200 1968 "-" "Mozilla/5.0 (compatible; Let's Encrypt validation server; +https://www.letsencrypt.org)"
176.65.148.161 - - [26/Jan/2026:17:21:06 +0000] "GET / HTTP/1.1" 200 1968 "-" "Mozilla/5.0 (compatible; Let's Encrypt validation server; +https://www.letsencrypt.org)"
176.65.148.161 - - [26/Jan/2026:17:21:07 +0000] "HEAD /_next HTTP/1.1" 404 0 "-" "Mozilla/5.0 (compatible; Let's Encrypt validation server; +https://www.letsencrypt.org)"
176.65.148.161 - - [26/Jan/2026:17:21:07 +0000] "HEAD /_next HTTP/1.1" 404 0 "-" "Mozilla/5.0 (compatible; Let's Encrypt validation server; +https://www.letsencrypt.org)"
104.197.69.115 - - [26/Jan/2026:17:24:22 +0000] "GET /_autoindex/assets/js/tablesort.js HTTP/1.1" 200 2321 "http://almiftahuljannah.com/" "Mozilla/5.0 (X11; Linux x86_64) AppleWebKit/537.36 (KHTML, like Gecko) Chrome/125.0.0.0 Safari/537.36"
34.72.176.129 - - [26/Jan/2026:17:24:22 +0000] "GET /_autoindex/assets/js/tablesort.number.js HTTP/1.1" 200 362 "http://almiftahuljannah.com/" "Mozilla/5.0 (X11; Linux x86_64) AppleWebKit/537.36 (KHTML, like Gecko) Chrome/125.0.0.0 Safari/537.36"
205.169.39.219 - - [26/Jan/2026:17:19:26 +0000] "GET /_autoindex/assets/js/tablesort.number.js HTTP/1.1" 200 362 "-" "Mozilla/5.0 (Windows NT 10.0; Win64; x64) AppleWebKit/537.36 (KHTML, like Gecko) Chrome/79.0.3945.79 Safari/537.36"
205.169.39.173 - - [26/Jan/2026:17:19:26 +0000] "GET /_autoindex/assets/js/tablesort.js HTTP/1.1" 200 2137 "-" "Mozilla/5.0 (Windows NT 6.1; Win64; x64) AppleWebKit/537.36 (KHTML, like Gecko) Chrome/83.0.4103.61 Safari/537.36"
205.169.39.191 - - [26/Jan/2026:17:19:26 +0000] "GET /_autoindex/assets/css/autoindex.css HTTP/1.1" 200 1284 "-" "Mozilla/5.0 (Windows NT 10.0; Win64; x64) AppleWebKit/537.36 (KHTML, like Gecko) Chrome/79.0.3945.79 Safari/537.36"
205.169.39.100 - - [26/Jan/2026:17:19:34 +0000] "GET / HTTP/1.1" 200 861 "-" "Mozilla/5.0 (Windows NT 10.0; Win64; x64) AppleWebKit/537.36 (KHTML, like Gecko) Chrome/79.0.3945.79 Safari/537.36"
205.169.39.100 - - [26/Jan/2026:17:19:34 +0000] "GET /_autoindex/assets/css/autoindex.css HTTP/1.1" 200 1284 "http://almiftahuljannah.com/" "Mozilla/5.0 (Windows NT 10.0; Win64; x64) AppleWebKit/537.36 (KHTML, like Gecko) Chrome/79.0.3945.79 Safari/537.36"
23.178.112.103 - - [26/Jan/2026:17:19:36 +0000] "GET /.well-known/acme-challenge/7qjQz2OkkGqw7AFeSuHwp0RuhYPRykyX6sERfUDtkR8 HTTP/1.1" 404 1251 "-" "Mozilla/5.0 (compatible; Let's Encrypt validation server; +https://www.letsencrypt.org)"
34.72.176.129 - - [26/Jan/2026:17:24:21 +0000] "GET / HTTP/1.1" 200 861 "-" "Mozilla/5.0 (X11; Linux x86_64) AppleWebKit/537.36 (KHTML, like Gecko) Chrome/125.0.0.0 Safari/537.36"
34.72.176.129 - - [26/Jan/2026:17:24:21 +0000] "GET /_autoindex/assets/css/autoindex.css HTTP/1.1" 200 1284 "http://almiftahuljannah.com/" "Mozilla/5.0 (X11; Linux x86_64) AppleWebKit/537.36 (KHTML, like Gecko) Chrome/125.0.0.0 Safari/537.36"
34.72.176.129 - - [26/Jan/2026:17:24:21 +0000] "GET /_autoindex/assets/icons/file-text.svg HTTP/1.1" 200 457 "http://almiftahuljannah.com/" "Mozilla/5.0 (X11; Linux x86_64) AppleWebKit/537.36 (KHTML, like Gecko) Chrome/125.0.0.0 Safari/537.36"
34.72.176.129 - - [26/Jan/2026:17:24:22 +0000] "GET /_autoindex/assets/icons/folder-fill.svg HTTP/1.1" 200 406 "http://almiftahuljannah.com/" "Mozilla/5.0 (X11; Linux x86_64) AppleWebKit/537.36 (KHTML, like Gecko) Chrome/125.0.0.0 Safari/537.36"
23.178.112.219 - - [26/Jan/2026:17:24:49 +0000] "GET /.well-known/acme-challenge/rZ1fnKo-oLIvTzhBwtbdnOvjVM9C9V1HMdopCnuxg8o HTTP/1.1" 404 1251 "-" "Mozilla/5.0 (compatible; Let's Encrypt validation server; +https://www.letsencrypt.org)"
23.178.112.219 - - [26/Jan/2026:17:24:51 +0000] "GET /.well-known/acme-challenge/mgnxg3dsrGFOg1ZweOFNfj57ed382m7vDIwtSUBcPHE HTTP/1.1" 404 1251 "-" "Mozilla/5.0 (compatible; Let's Encrypt validation server; +https://www.letsencrypt.org)"
205.169.39.8 - - [26/Jan/2026:17:25:41 +0000] "GET /%5fautoindex/assets/css/autoindex.css HTTP/1.1" 200 1284 "-" "Mozilla/5.0 (Windows NT 10.0) AppleWebKit/537.36 (KHTML, like Gecko) Chrome/106.0.0.0 Safari/537.36"
93.158.98.56 - - [26/Jan/2026:17:34:27 +0000] "GET /robots.txt HTTP/1.1" 404 1251 "-" "Mozilla/5.0 (Linux; U; Android 13; sk-sk; Xiaomi 11T Pro Build/TKQ1.220829.002) AppleWebKit/537.36 (KHTML, like Gecko) Version/4.0 Chrome/112.0.5615.136 Mobile Safari/537.36 XiaoMi/MiuiBrowser/14.4.0-g"
192.121.134.92 - - [26/Jan/2026:17:34:28 +0000] "GET / HTTP/1.1" 200 861 "-" "Mozilla/5.0 (Linux; U; Android 13; sk-sk; Xiaomi 11T Pro Build/TKQ1.220829.002) AppleWebKit/537.36 (KHTML, like Gecko) Version/4.0 Chrome/112.0.5615.136 Mobile Safari/537.36 XiaoMi/MiuiBrowser/14.4.0-g"
23.178.112.210 - - [26/Jan/2026:17:35:35 +0000] "GET /.well-known/acme-challenge/HvWgPqbVTp4837nRGL-rdQmZthc4_MuRvwmkZEifN5Y HTTP/1.1" 404 1251 "-" "Mozilla/5.0 (compatible; Let's Encrypt validation server; +https://www.letsencrypt.org)"
34.28.65.75 - - [26/Jan/2026:17:42:02 +0000] "GET / HTTP/1.1" 200 861 "-" "amphp/http-client/5.x"
34.28.65.75 - - [26/Jan/2026:17:42:02 +0000] "GET / HTTP/1.1" 200 861 "-" "amphp/http-client/5.x"
192.175.111.243 - - [26/Jan/2026:17:49:45 +0000] "GET / HTTP/1.1" 200 1968 "-" "Mozilla/5.0 (Windows NT 10.0; Win64; x64) AppleWebKit/537.36 (KHTML, like Gecko) Chrome/144.0.0.0 Safari/537.36"
192.175.111.249 - - [26/Jan/2026:17:49:46 +0000] "GET / HTTP/1.1" 200 1968 "-" "Mozilla/5.0 (Windows NT 10.0; Win64; x64) AppleWebKit/537.36 (KHTML, like Gecko) Chrome/144.0.0.0 Safari/537.36"
23.178.112.211 - - [26/Jan/2026:17:35:36 +0000] "GET /.well-known/acme-challenge/Qwp4-t3ILccWIk0qtnWq3k_pRhRHt3b8RVuTTJNvHDM HTTP/1.1" 404 1251 "-" "Mozilla/5.0 (compatible; Let's Encrypt validation server; +https://www.letsencrypt.org)"
192.175.111.243 - - [26/Jan/2026:17:49:45 +0000] "GET / HTTP/1.1" 200 1968 "-" "Mozilla/5.0 (Windows NT 10.0; Win64; x64) AppleWebKit/537.36 (KHTML, like Gecko) Chrome/144.0.0.0 Safari/537.36"
64.15.129.119 - - [26/Jan/2026:17:49:45 +0000] "GET /favicon.ico HTTP/1.1" 404 1251 "-" "Mozilla/5.0 (Windows NT 10.0; Win64; x64) AppleWebKit/537.36 (KHTML, like Gecko) Chrome/144.0.0.0 Safari/537.36"
192.175.111.234 - - [26/Jan/2026:17:49:46 +0000] "GET / HTTP/1.1" 200 1968 "-" "Mozilla/5.0 (Windows NT 10.0; Win64; x64) AppleWebKit/537.36 (KHTML, like Gecko) Chrome/144.0.0.0 Safari/537.36"
23.178.112.107 - - [26/Jan/2026:17:53:49 +0000] "GET /.well-known/acme-challenge/1neuNvbIopxzYkXf5p2cZBJ0GAUG-UbywAQo1-SFcBI HTTP/1.1" 404 1251 "-" "Mozilla/5.0 (compatible; Let's Encrypt validation server; +https://www.letsencrypt.org)"
23.178.112.106 - - [26/Jan/2026:17:53:47 +0000] "GET /.well-known/acme-challenge/VE_HwXeKFPwgpeRNug0afkrf9btWVtmGzlD-_2Twjlo HTTP/1.1" 404 1251 "-" "Mozilla/5.0 (compatible; Let's Encrypt validation server; +https://www.letsencrypt.org)"
23.178.112.104 - - [26/Jan/2026:18:16:25 +0000] "GET /.well-known/acme-challenge/CtT7aS2wSiduOLhQ19_-8HI3VQ-zFsq532yr6peiSfI HTTP/1.1" 404 1251 "-" "Mozilla/5.0 (compatible; Let's Encrypt validation server; +https://www.letsencrypt.org)"
23.178.112.104 - - [26/Jan/2026:18:16:27 +0000] "GET /.well-known/acme-challenge/CKFLeL9oLpxxL67k3-_FL3NdFmqkdYqxk4PRyUig8cU HTTP/1.1" 404 1251 "-" "Mozilla/5.0 (compatible; Let's Encrypt validation server; +https://www.letsencrypt.org)"
205.169.39.8 - - [26/Jan/2026:18:19:07 +0000] "GET / HTTP/1.1" 200 861 "-" "Mozilla/5.0 (Windows NT 10.0) AppleWebKit/537.36 (KHTML, like Gecko) Chrome/106.0.0.0 Safari/537.36"
205.169.39.20 - - [26/Jan/2026:18:19:10 +0000] "GET /%5fautoindex/assets/js/tablesort.js HTTP/1.1" 200 2321 "-" "Mozilla/5.0 (Windows NT 10.0) AppleWebKit/537.36 (KHTML, like Gecko) Chrome/106.0.0.0 Safari/537.36"
34.9.98.49 - - [26/Jan/2026:18:34:22 +0000] "GET / HTTP/1.1" 200 861 "-" "Mozilla/5.0 (Windows NT 5.1) AppleWebKit/537.36 (KHTML, like Gecko) Chrome/31.0.1650.16 Safari/537.36"
23.178.112.104 - - [26/Jan/2026:18:41:49 +0000] "GET /.well-known/acme-challenge/5IOeYuNwn70Ghd1ubB1aZOYFacP5Xs1-Qk1Ehm_pacw HTTP/1.1" 404 1251 "-" "Mozilla/5.0 (compatible; Let's Encrypt validation server; +https://www.letsencrypt.org)"
23.178.112.105 - - [26/Jan/2026:18:41:50 +0000] "GET /.well-known/acme-challenge/bf7JwuoSHdHMncQhz1vXuKVlLUl5dOp-AhrB7IwnrFE HTTP/1.1" 404 1251 "-" "Mozilla/5.0 (compatible; Let's Encrypt validation server; +https://www.letsencrypt.org)"
23.178.112.211 - - [26/Jan/2026:19:13:41 +0000] "GET /.well-known/acme-challenge/fFQRMuqPAn8DskMqMeSG2urFd41P2MVcCeyex8tdWl8 HTTP/1.1" 404 1251 "-" "Mozilla/5.0 (compatible; Let's Encrypt validation server; +https://www.letsencrypt.org)"
23.178.112.210 - - [26/Jan/2026:19:13:43 +0000] "GET /.well-known/acme-challenge/nsmihBow96x2kWX85jzRU9A07i90vZMy2CbM2GfVn1M HTTP/1.1" 404 1251 "-" "Mozilla/5.0 (compatible; Let's Encrypt validation server; +https://www.letsencrypt.org)"
34.214.126.108 - - [26/Jan/2026:19:05:44 +0000] "GET / HTTP/1.1" 200 861 "-" "Mozilla/5.0 (Linux; Android 8.0.0; SM-G965U Build/R16NW) AppleWebKit/537.36 (KHTML, like Gecko) Chrome/63.0.3239.111 Mobile Safari/537.36"
34.214.126.108 - - [26/Jan/2026:19:05:44 +0000] "GET / HTTP/1.1" 200 861 "-" "Mozilla/5.0 (Windows NT 10.0; Win64; x64) AppleWebKit/537.36 (KHTML, like Gecko) Chrome/70.0.3538.102 Safari/537.36 Edge/18.19582"
23.178.112.104 - - [26/Jan/2026:19:55:34 +0000] "GET /.well-known/acme-challenge/lGbzTZck1QhODlySm2g3mUBSh6ccc1nNZ_dbVGfRjVs HTTP/1.1" 404 1251 "-" "Mozilla/5.0 (compatible; Let's Encrypt validation server; +https://www.letsencrypt.org)"
23.178.112.103 - - [26/Jan/2026:19:55:32 +0000] "GET /.well-known/acme-challenge/Kup8FGsusN6gZIqG_HsokkxbC9IR03pMFvjseXSmnf4 HTTP/1.1" 404 1251 "-" "Mozilla/5.0 (compatible; Let's Encrypt validation server; +https://www.letsencrypt.org)"
62.210.198.177 - - [26/Jan/2026:20:18:39 +0000] "GET /_autoindex/assets/js/tablesort.js HTTP/1.1" 200 2321 "http://almiftahuljannah.com/" "Mozilla/5.0 (X11; Linux x86_64) AppleWebKit/537.36 (KHTML, like Gecko) Chrome/132.0.0.0 Safari/537.3"
62.210.198.177 - - [26/Jan/2026:20:18:39 +0000] "GET /_autoindex/assets/icons/file-text.svg HTTP/1.1" 200 457 "http://almiftahuljannah.com/" "Mozilla/5.0 (X11; Linux x86_64) AppleWebKit/537.36 (KHTML, like Gecko) Chrome/132.0.0.0 Safari/537.3"
62.210.198.177 - - [26/Jan/2026:20:18:39 +0000] "GET /favicon.ico HTTP/1.1" 404 1251 "http://almiftahuljannah.com/" "Mozilla/5.0 (X11; Linux x86_64) AppleWebKit/537.36 (KHTML, like Gecko) Chrome/132.0.0.0 Safari/537.3"
62.210.198.177 - - [26/Jan/2026:20:18:42 +0000] "GET /favicon.ico HTTP/1.1" 404 1251 "-" "Mozilla/5.0 (X11; Linux x86_64) AppleWebKit/537.36 (KHTML, like Gecko) Chrome/132.0.0.0 Safari/537.3"
62.210.198.177 - - [26/Jan/2026:20:18:42 +0000] "GET /favicon.ico/ads.txt HTTP/1.1" 404 1251 "-" "Mozilla/5.0 (X11; Linux x86_64) AppleWebKit/537.36 (KHTML, like Gecko) Chrome/132.0.0.0 Safari/537.3"
62.210.198.177 - - [26/Jan/2026:20:18:42 +0000] "GET /favicon.ico/sellers.json HTTP/1.1" 404 1251 "-" "Mozilla/5.0 (X11; Linux x86_64) AppleWebKit/537.36 (KHTML, like Gecko) Chrome/132.0.0.0 Safari/537.3"
62.210.198.177 - - [26/Jan/2026:20:18:37 +0000] "HEAD / HTTP/1.1" 200 0 "-" "curl/7.81.0"
62.210.198.177 - - [26/Jan/2026:20:18:39 +0000] "GET / HTTP/1.1" 200 861 "-" "Mozilla/5.0 (X11; Linux x86_64) AppleWebKit/537.36 (KHTML, like Gecko) Chrome/132.0.0.0 Safari/537.3"
62.210.198.177 - - [26/Jan/2026:20:18:39 +0000] "GET /_autoindex/assets/css/autoindex.css HTTP/1.1" 200 1284 "http://almiftahuljannah.com/" "Mozilla/5.0 (X11; Linux x86_64) AppleWebKit/537.36 (KHTML, like Gecko) Chrome/132.0.0.0 Safari/537.3"
62.210.198.177 - - [26/Jan/2026:20:18:39 +0000] "GET /_autoindex/assets/icons/folder-fill.svg HTTP/1.1" 200 406 "http://almiftahuljannah.com/" "Mozilla/5.0 (X11; Linux x86_64) AppleWebKit/537.36 (KHTML, like Gecko) Chrome/132.0.0.0 Safari/537.3"
62.210.198.177 - - [26/Jan/2026:20:18:39 +0000] "GET /_autoindex/assets/js/tablesort.number.js HTTP/1.1" 200 362 "http://almiftahuljannah.com/" "Mozilla/5.0 (X11; Linux x86_64) AppleWebKit/537.36 (KHTML, like Gecko) Chrome/132.0.0.0 Safari/537.3"
62.210.198.177 - - [26/Jan/2026:20:18:42 +0000] "GET /favicon.ico/app-ads.txt HTTP/1.1" 404 1251 "-" "Mozilla/5.0 (X11; Linux x86_64) AppleWebKit/537.36 (KHTML, like Gecko) Chrome/132.0.0.0 Safari/537.3"
23.178.112.107 - - [26/Jan/2026:20:45:53 +0000] "GET /.well-known/acme-challenge/XR4_Jqs9Ep3DAXdnBApWF20Zh7U8rRsrxkTZLBZn8Sw HTTP/1.1" 404 1251 "-" "Mozilla/5.0 (compatible; Let's Encrypt validation server; +https://www.letsencrypt.org)"
23.178.112.107 - - [26/Jan/2026:20:45:55 +0000] "GET /.well-known/acme-challenge/hkBk4cXhZoW-gKnTMd-hfJ6CwgiwpCcp_l2TdcCObiI HTTP/1.1" 404 1251 "-" "Mozilla/5.0 (compatible; Let's Encrypt validation server; +https://www.letsencrypt.org)"
23.178.112.106 - - [26/Jan/2026:21:46:10 +0000] "GET /.well-known/acme-challenge/i1ebG6qR-u1yZUh0zqILEaP4gf9-mfr6nbS7BIz-mig HTTP/1.1" 404 1251 "-" "Mozilla/5.0 (compatible; Let's Encrypt validation server; +https://www.letsencrypt.org)"
23.178.112.106 - - [26/Jan/2026:21:46:11 +0000] "GET /.well-known/acme-challenge/KI_v1wXcxT0uL0b6QVdXWSP-kh6wwXWK_An8Y30UziA HTTP/1.1" 404 1251 "-" "Mozilla/5.0 (compatible; Let's Encrypt validation server; +https://www.letsencrypt.org)"
35.88.124.222 - - [26/Jan/2026:22:46:47 +0000] "HEAD /favicon.ico HTTP/1.1" 404 0 "-" "axios/1.8.4"
23.178.112.210 - - [26/Jan/2026:22:57:44 +0000] "GET /.well-known/acme-challenge/g1jVbljve24TSfqQRUdxo1rRHkuvMMhilNebhkcTwFs HTTP/1.1" 404 1251 "-" "Mozilla/5.0 (compatible; Let's Encrypt validation server; +https://www.letsencrypt.org)"
23.178.112.211 - - [26/Jan/2026:22:57:42 +0000] "GET /.well-known/acme-challenge/HyudjnyE_Hebt2hDUr8dWNVnuHVJbj83juTptkPw1Sw HTTP/1.1" 404 1251 "-" "Mozilla/5.0 (compatible; Let's Encrypt validation server; +https://www.letsencrypt.org)"
199.45.155.90 - - [26/Jan/2026:23:36:37 +0000] "GET / HTTP/1.1" 200 37655 "-" "Mozilla/5.0 (compatible; CensysInspect/1.1; +https://about.censys.io/)"
216.106.180.52 - - [26/Jan/2026:23:36:37 +0000] "POST /wp-cron.php?doing_wp_cron=1769470597.9446980953216552734375 HTTP/1.1" 200 0 "-" "WordPress/6.9; https://almiftahuljannah.com"
199.45.155.90 - - [26/Jan/2026:23:37:09 +0000] "GET / HTTP/1.1" 301 0 "-" "Mozilla/5.0 (compatible; CensysInspect/1.1; +https://about.censys.io/)"